by 98/8 - 1/z?
10
Let i(o) = o**2 + 4*o - 8. Let m be i(-6). Suppose 2*z = m*d - 200, 3*d = -2*z + 7*z + 136. Suppose -v = v - d. Calculate the remainder when v is divided by 9.
8
Suppose 0 = -d - 27 + 77. Let y(n) = n**3 - 4*n**2 - n - 3. What is the remainder when d is divided by y(5)?
16
Let g(i) be the second derivative of -i**3/6 + 8*i**2 + 3*i. Calculate the remainder when 45 is divided by g(0).
13
Let c = 9 + -5. Calculate the remainder when 7 is divided by c.
3
Let k(y) = y - 5. Suppose -5*r = -4*o - 8, r + 4*o = 2*r + 8. Let t be k(r). Calculate the remainder when (t + 0)*-19 + -2 is divided by 6.
5
Suppose 10 = -2*p - 3*p. Let v(w) = w + 3. Let r(k) = -1. Let f(i) = -7*r(i) - 3*v(i). Calculate the remainder when 15 is divided by f(p).
3
Let c(u) = -u**3 - 8*u**2 - 2*u - 3. What is the remainder when 23 is divided by c(-8)?
10
Suppose -11 = -2*i - 29. What is the remainder when (-42)/15*(-1 + i) is divided by 10?
8
Let u(y) be the first derivative of -y**4/4 + 7*y**3/3 + 4*y**2 + 4*y - 3. What is the remainder when ((-26)/(-4))/((-9)/(-18)) is divided by u(8)?
1
Let f(d) = d**2 - 2*d - 1. Let q be f(-1). Suppose -4*i - 5*z = -22, 0 = -0*i + 4*i - 3*z - 6. What is the remainder when 3 - -1 - 0/q is divided by i?
1
Suppose d - 4*u = -2 - 9, 0 = -3*d + 2*u - 13. Calculate the remainder when 14*(d/2)/(-1) is divided by 8 + -4 + -3 + 10.
10
Suppose 14 = 2*y - 5*z, 4*y + z - 58 = -4*z. Let x = 19 - y. Suppose 8 + 5 = a. Calculate the remainder when a is divided by x.
6
Let p(v) = v**3 + 3*v**2 + 2*v - 4. What is the remainder when p(3) is divided by 15?
11
Let u be (-2 - (-2 + -20)) + -2. Suppose -8 + u = 5*c. What is the remainder when 5 is divided by c?
1
Let l = 1 + 4. Let n = -21 - -46. Suppose -2*h - 9 = -n. Calculate the remainder when h is divided by l.
3
Let a be (117/(-26))/((-1)/10). What is the remainder when (-6)/27 + 685/a is divided by 4?
3
Suppose d + 348 = 5*d. Calculate the remainder when d is divided by 8.
7
Let t = 8 + -3. Suppose t - 20 = -5*w. What is the remainder when w is divided by 2?
1
Let b = -35 - -18. Let u = -4 - b. Suppose -u = 3*a - d - 48, -5*a - d + 45 = 0. What is the remainder when a is divided by 4?
2
Let u(r) = r**2 - 3*r. Let v be u(4). Suppose -2*s - 40 = -v*s. Calculate the remainder when 57 is divided by s.
17
Suppose -q + 14 = -3*s, 0 = -3*q + 3*s + s + 67. Let x = q - -15. Calculate the remainder when x is divided by ((-19)/76)/(4/(-3 - 365)).
21
Let l be 14/56 + (-2)/8. Suppose l = -y - 2*t + 13, y + y - 2*t = 20. What is the remainder when y is divided by 3?
2
Let v(w) = 2*w**2 - w + 3. Calculate the remainder when v(7) is divided by 19.
18
Let c = -21 + 8. Let b = 0 - c. Calculate the remainder when 36 is divided by b.
10
Let j = 7 + 3. Calculate the remainder when (0 - 2)*(-20 - -3) is divided by (-62)/(-5) + (-4)/j.
10
Let d(f) = f - 5. Suppose -o - 16 = -3*o. What is the remainder when d(o) is divided by 2?
1
Suppose -x + 0 + 3 = 0, 2*v - x = 25. Suppose 2 - 1 = -j, 5*a - 5*j - 40 = 0. Let c = a - -47. Calculate the remainder when c is divided by v.
12
Calculate the remainder when 4 is divided by (-9)/(-12) + (-36)/(-16).
1
Suppose 3*m = -2*l + 1, -7*l + 2*l + 3*m + 13 = 0. Let g be 0 + l/2 + 0. Suppose -g + 17 = y - b, -b = y - 6. What is the remainder when 31 is divided by y?
9
Suppose 6*m - 6 = 4*m. Let r = 22 + -17. Suppose r*p + m*w - 274 + 65 = 0, -3*p + 5*w = -139. Calculate the remainder when p is divided by 15.
13
Let f be -9 + (-1)/((-3)/6). Let u(k) = k**2 + 8*k + 3. Let r(t) = t + 1. Let z(a) = -3*r(a) - u(a). Calculate the remainder when z(f) is divided by 6.
4
Let o = -17 - -30. What is the remainder when 48 is divided by o?
9
Let d = -139 - -207. Calculate the remainder when d is divided by 18.
14
Let n be (21/3 + 2)*-1. Let d(t) = -t - 4. Calculate the remainder when 13 is divided by d(n).
3
Let f = 8 + -6. Suppose 0 = 5*w + f*z + 17, -z = -2*w + 2*z - 3. Let c(p) = -p**3 - 2*p**2 + p - 4. What is the remainder when c(w) is divided by 1?
0
Let j = -12 + 20. Let b(h) = -h**3 + 4*h**2 - 4*h. Let m be b(3). Calculate the remainder when j is divided by (m/5)/((-2)/10).
2
Let l(i) = 4 - 4 + 1 - i. What is the remainder when l(-4) is divided by 3?
2
Suppose 2*o - 80 = -0*o. Let y(c) = 6*c + 4. Let z be y(6). Suppose z = 4*q - 4*l, l = -0*q - 3*q + 46. Calculate the remainder when o is divided by q.
12
Let r be 130/(-14) + (-6)/(-21). Suppose 21*v - 18*v = -21. Let s = v - r. Calculate the remainder when 4 is divided by s.
0
Let n = 9 - 2. Let x = n - -1. Calculate the remainder when x is divided by 3.
2
Suppose 4*o = 41 + 7. Calculate the remainder when 34 is divided by o.
10
Let r(f) = -3*f + 89. What is the remainder when 9 is divided by r(29)?
1
Let y(x) = -5*x**2 - 8*x + 7. Let z(q) = 6*q**2 + 9*q - 8. Let r(w) = 7*y(w) + 6*z(w). Calculate the remainder when r(-4) is divided by 13.
12
Let w be -2 - -1 - (0 + -1). Suppose -34 = -3*b - 4*r, 3*r = 3 - w. Calculate the remainder when (2 + -60)/(4/(-2)) is divided by b.
9
Let s(w) = w**3 + 7*w**2 + 2*w + 28. Calculate the remainder when 96 is divided by s(-7).
12
Let g be ((-2)/(-5))/(2/5). Let u = g - 0. Let q = 7 - u. What is the remainder when 10 is divided by q?
4
Let u(l) = 3*l**2 - l - 6. Let d(x) = -2*x - 15. What is the remainder when u(3) is divided by d(-10)?
3
Suppose 0*d + 3*d - 6 = 0. Calculate the remainder when 5 is divided by d.
1
Suppose d = -d - 42. Let v = -15 - d. What is the remainder when 17 is divided by v?
5
Suppose -2*b + 15 = -3*k, -b + 2*b + 2*k = 11. What is the remainder when ((-11)/(-4))/(11/132) is divided by b?
6
Suppose 0 = 5*o + 2*o - 154. What is the remainder when 85 is divided by o?
19
Suppose -2*x = 3*c - 97, -155 - 34 = -4*x - 5*c. Calculate the remainder when x is divided by 23.
18
Let d be 742/(-91) + (-4)/(-26). Let b = d + 15. What is the remainder when 34 is divided by b?
6
Let l = -5 - -15. Calculate the remainder when 28 is divided by l.
8
Suppose -4*u = m - 187, -2*u + 86 = 2*m - 0*m. Calculate the remainder when u is divided by 25.
23
Suppose t - 10 = 6*t. Let u = -3 + 5. Calculate the remainder when 8 is divided by t*(1 + (-7)/u).
3
Suppose 0 = 2*s - 27 + 135. Let t = -28 - s. What is the remainder when t is divided by -1*28/(2/(-1))?
12
What is the remainder when 1128/(-21)*-1 + 8/28 is divided by 28?
26
Suppose -3*s + 6 = 2*f, -2*s - 3*f = 2*f - 4. Let w = s - -1. Suppose -w*v = -0*v - 213. Calculate the remainder when v is divided by 24.
23
Let t be -6 - (-5)/(5/2). Calculate the remainder when (t + 5)*(4 - -1) is divided by 2.
1
What is the remainder when (4 - 4/(-32)*334)*4 is divided by 46?
45
Suppose 0 = -3*k + 261. Suppose -k = -3*z - 0*z. Calculate the remainder when z is divided by 16.
13
Let q = -20 - -31. What is the remainder when 21 is divided by q?
10
Let z(o) be the first derivative of o**2/2 - 13*o + 4. Calculate the remainder when 1 is divided by z(14).
0
Suppose -a + 113 = 13. Suppose -4*c + a = 2*f - 14, -5*f - 105 = -5*c. What is the remainder when c is divided by (13 + 1)/(-2 + 3)?
12
Let r = 3 - 11. Let w = -7 + 1. Let f = w - r. What is the remainder when 5 is divided by f?
1
Suppose 0*h - j = 5*h - 80, 0 = -2*h + 2*j + 44. Let g be (-88)/(-6) + (-1)/(-3). Suppose 2*v = g - 3. Calculate the remainder when h is divided by v.
5
Let h be 32/(-5) + (-2)/(-5). Let z be (-4)/(-8) - h/(-4). Calculate the remainder when 27 is divided by ((-28)/(-12))/(z/(-6)).
13
Let a(q) = -2*q**2 + 11*q + 7. Calculate the remainder when a(3) is divided by 5.
2
Let o be (-2)/(-6) - (-56)/12. Suppose -o*j - 3 = -28. Calculate the remainder when 16 is divided by j.
1
Suppose -j = 3 - 9. What is the remainder when 22 is divided by j?
4
Let w = -13 - -15. What is the remainder when (-572)/(-33)*3/w is divided by 7?
5
Suppose -b = 2*k - 9, 11 + 7 = 2*b - 2*k. What is the remainder when 15 is divided by b?
6
Let b be 2/(-4) - 10/(-4). Suppose g - 2 = 0, 4*t + t = g + 173. Calculate the remainder when t is divided by b + (1 - -10 - 1).
11
Let x = -33 - -46. Calculate the remainder when 37 is divided by x.
11
Suppose 3*a = -a + 8. What is the remainder when 0 - 0 - (-4 - (-1)/(-1)) is divided by a?
1
Let f be (1 - 2)/(3/(-21)). Suppose -2*m - y + 11 = 0, -m + 0*m = -2*y + f. Calculate th